ors of 2620900936?
2, 327612617
What are the prime factors of 131331394?
2, 65665697
List the prime factors of 49466752.
2, 223, 1733
What are the prime factors of 831264898?
2, 415632449
What are the prime factors of 578703?
3, 23, 8387
List the prime factors of 281530513.
11, 25593683
What are the prime factors of 435536330?
2, 5, 43553633
What are the prime factors of 477640988?
2, 11, 10855477
List the prime factors of 159665782.
2, 8501, 9391
List the prime factors of 126844107.
3, 13, 3252413
List the prime factors of 27454685.
5, 31, 177127
What are the prime factors of 1778821243?
1778821243
What are the prime factors of 63880744?
2, 7985093
What are the prime factors of 30829438?
2, 19, 31, 26171
List the prime factors of 1228904705.
5, 7, 19, 127, 14551
List the prime factors of 3593515793.
7, 83, 883579
List the prime factors of 2442645609.
3, 23, 53, 281, 2377
List the prime factors of 182009799.
3, 181, 111731
List the prime factors of 2857720794.
2, 3, 199, 607, 3943
What are the prime factors of 48275883?
3, 379, 14153
What are the prime factors of 283256646?
2, 3, 1427, 33083
List the prime factors of 2005834839.
3, 47, 2731, 5209
What are the prime factors of 941369502?
2, 3, 43, 283, 12893
What are the prime factors of 2939234?
2, 31, 47407
List the prime factors of 1607053122.
2, 3, 677, 14653
List the prime factors of 49560581.
7, 107, 66169
What are the prime factors of 279170593?
13, 31, 4099
What are the prime factors of 40389884?
2, 10097471
List the prime factors of 3545993136.
2, 3, 7, 10553551
What are the prime factors of 1014900650?
2, 5, 20298013
What are the prime factors of 4343732428?
2, 7, 155133301
List the prime factors of 361492882.
2, 59, 3063499
List the prime factors of 556148754.
2, 3, 7, 163477
What are the prime factors of 100708507?
107, 941201
What are the prime factors of 126071392?
2, 41, 307, 313
What are the prime factors of 156091780?
2, 5, 13, 46181
List the prime factors of 1024190013.
3, 7, 11, 29, 21841
What are the prime factors of 48648657?
3, 23, 705053
List the prime factors of 3455521175.
5, 31, 4458737
What are the prime factors of 139037538?
2, 3, 23172923
List the prime factors of 48782202.
2, 3, 7, 1161481
What are the prime factors of 334880189?
7, 47840027
List the prime factors of 177985633.
7, 41, 620159
List the prime factors of 66009586.
2, 23, 1434991
What are the prime factors of 5848135?
5, 1169627
What are the prime factors of 88654300?
2, 5, 7, 41, 3089
What are the prime factors of 808469796?
2, 3, 67372483
What are the prime factors of 1561933780?
2, 5, 11, 677, 10487
What are the prime factors of 1685696032?
2, 113, 269, 1733
List the prime factors of 11434544.
2, 11, 64969
What are the prime factors of 241089724?
2, 60272431
List the prime factors of 9453283.
7, 1350469
What are the prime factors of 47110489?
3389, 13901
List the prime factors of 889735761.
3, 229, 433, 997
List the prime factors of 242829855.
3, 5, 5396219
What are the prime factors of 656705914?
2, 5783, 56779
What are the prime factors of 572017675?
5, 22880707
What are the prime factors of 5935523338?
2, 409, 7256141
What are the prime factors of 85475894?
2, 7, 872203
List the prime factors of 104108158.
2, 7, 11, 37, 151
What are the prime factors of 377675792?
2, 13, 197, 709
List the prime factors of 7628452636.
2, 7, 17, 109, 147029
List the prime factors of 4881288.
2, 3, 203387
What are the prime factors of 4751430300?
2, 3, 5, 17, 61, 1697
List the prime factors of 59904153.
3, 1231, 5407
List the prime factors of 6587864045.
5, 7, 26889241
List the prime factors of 26809164.
2, 3, 37, 6709
What are the prime factors of 1787108810?
2, 5, 43, 211, 19697
What are the prime factors of 5895371?
5895371
List the prime factors of 32413311.
3, 7, 149, 1151
List the prime factors of 1161082262.
2, 67, 733, 11821
What are the prime factors of 25823490?
2, 3, 5, 7, 11, 1597
List the prime factors of 1097848459.
59, 881, 21121
List the prime factors of 76852254.
2, 3, 233, 54973
What are the prime factors of 349068729?
3, 641, 181523
List the prime factors of 5801942599.
20047, 289417
What are the prime factors of 91623773?
67, 1367519
What are the prime factors of 3817919575?
5, 152716783
List the prime factors of 59650853.
521, 114493
List the prime factors of 6370620330.
2, 3, 5, 13873, 15307
List the prime factors of 1759331422.
2, 79, 11135009
List the prime factors of 2209942797.
3, 73, 107, 94309
What are the prime factors of 957249471?
3, 1549, 205993
What are the prime factors of 70846657?
7, 10120951
List the prime factors of 230743267.
239, 965453
List the prime factors of 60828919.
89, 683471
List the prime factors of 37254957.
3, 61, 203579
List the prime factors of 58697253.
3, 727, 8971
List the prime factors of 997748461.
197, 5064713
What are the prime factors of 683751824?
2, 7, 6104927
What are the prime factors of 446320513?
446320513
List the prime factors of 58865548.
2, 7, 2102341
What are the prime factors of 489815642?
2, 79, 3100099
What are the prime factors of 135297161?
47, 857, 3359
What are the prime factors of 3588614759?
19, 541, 349121
What are the prime factors of 4984565?
5, 83, 12011
What are the prime factors of 2086809573?
3, 23, 61, 495797
List the prime factors of 213259611.
3, 17, 23, 281, 647
List the prime factors of 157135920.
2, 3, 5, 29, 107, 211
What are the prime factors of 64750267?
23, 173, 16273
What are the prime factors of 195944979?
3, 65314993
List the prime factors of 533590146.
2, 3, 9881299
What are the prime factors of 226245771?
3, 8379473
What are the prime factors of 2743537796?
2, 23, 41, 727343
What are the prime factors of 58738804?
2, 19, 29, 919
List the prime factors of 597000039.
3, 269, 739777
What are the prime factors of 78573988?
2, 73, 269089
What are the prime factors of 54128132?
2, 541, 25013
List the prime factors of 3732338595.
3, 5, 1753, 141941
What are the prime factors of 18257359?
443, 41213
List the prime factors of 595912845.
3, 5, 11, 31, 113, 1031
What are the prime factors of 310859882?
2, 9883, 15727
What are the prime factors of 13519470?
2, 3, 5, 450649
List the prime factors of 89804191.
89804191
List the prime factors of 789897569.
789897569
What are the prime factors of 5407296304?
2, 173, 1953503
List the prime factors of 361259413.
23, 937, 16763
What are the prime factors of 386497356?
2, 3, 7, 47, 223, 439
What are the prime factors of 21392091?
3, 7, 339557
List the prime factors of 714751280.
2, 5, 8934391
List the prime factors of 185131462.
2, 17, 23, 61, 3881
List the prime factors of 344181433.
79, 4356727
What are the prime factors of 72071774?
2, 47, 766721
List the prime factors of 54333386.
2, 97, 280069
What are the prime factors of 153679475?
5, 6147179
List the prime factors of 28987527.
3, 9662509
What are the prime factors of 463647155?
5, 127, 389, 1877
List the prime factors of 36719202.
2, 3, 13, 409, 1151
What are the prime factors of 3695414?
2, 283, 6529
What are the prime factors of 1846221298?
2, 19, 941, 51631
What are the prime factors of 5964437192?
2, 7, 29, 524669
What are the prime factors of 384570619?
384570619
List the prime factors of 66361139.
13, 479, 10657
What are the prime factors of 738975216?
2, 3, 7, 29, 181, 419
What are the prime factors of 15473863?
15473863
What are the prime factors of 3039901555?
5, 43, 67, 281, 751
List the prime factors of 18230052.
2, 3, 17, 89363
What are the prime factors of 293741170?
2, 5, 43, 683119
What are the prime factors of 18342796?
2, 17, 107, 2521
List the prime factors of 246457202.
2, 61, 181, 11161
List the prime factors of 98735403.
3, 13, 31, 81667
List the prime factors of 227280616.
2, 17, 67, 24943
What are the prime factors of 79453614?
2, 3, 17, 45821
What are the prime factors of 5899168495?
5, 11, 43, 2494363
What are the prime factors of 735114824?
2, 107, 499, 1721
What are the prime factors of 100613080?
2, 5, 53, 47459
What are the prime factors of 52412864?
2, 7, 116993
What are the prime factors of 172306205?
5, 34461241
List the prime factors of 70863342.
2, 3, 11, 1073687
What are the prime factors of 904348466?
2, 7, 64596319
What are the prime factors of 47070282?
2, 3, 7, 23, 6961
List the prime